-2*a - 4*d + 21, 4*a + 3*d = -131. Let i be 2*a/7*6/(-4). Calculate the greatest common divisor of i and 25.
5
Let j be 12/(-5)*(-20 + 1210/88). Calculate the highest common divisor of 50 and j.
5
Suppose -10 = -5*v + 15. Suppose 2*g + 176 = 5*g - 4*m, -v = m. What is the greatest common factor of g and 4?
4
Suppose 2*g - 62 - 147 = -3*l, 3*g - 297 = l. Suppose -13621*u + 13622*u = 80. What is the highest common factor of u and g?
20
Suppose 3*m - 2*b - 28 = 0, 17*b = -4*m + 14*b + 26. Suppose -5*u + 1949 = -91. Suppose -m*x = -u + 88. Calculate the greatest common factor of x and 60.
20
Let g = 14703 - 14513. What is the highest common divisor of g and 304?
38
Let p(y) = 3*y - 99. Let f be p(31). Let t be 7/(((-18)/f)/3). What is the greatest common factor of 7 and t?
7
Let c = -16 - -52. Let j(n) = n**2 - 8*n + 15. Let a be j(5). Suppose a = 2*d - 5 - 355. What is the greatest common divisor of c and d?
36
Let p = -43292 - -44476. What is the highest common divisor of 5180 and p?
148
Suppose 0 = -3*i - 3*l + 165, 7*i - 4*i - l - 165 = 0. Let o = i - 52. Let z = -1 - -22. What is the highest common factor of z and o?
3
Let a(g) = -g**3 - 36*g**2 - 225*g + 77. Let o be a(-28). What is the highest common factor of 185 and o?
5
Let d(w) = -18*w - 8*w - 18 + 19*w. Let o be d(-5). Suppose -13*n + o = -997. Calculate the highest common divisor of n and 6.
6
Let q be (3 - 0)*240/90. Let u(o) be the first derivative of o**3/3 - 3*o**2/2 - 4*o + 1. Let s be u(q). Calculate the highest common factor of 9 and s.
9
Suppose -131*s - 117*s + 219*s + 86420 = 0. What is the greatest common divisor of 180 and s?
20
Let h be ((-23)/(966/(-5404)))/(4/168*4). What is the greatest common factor of h and 56?
7
Let a = 489 + -459. Suppose 5*q + 0*q = -5*z + 60, -4*z = -2*q + 12. Let j = 40 - q. What is the highest common divisor of j and a?
30
Let d(q) = q**3 + 2*q**2 - 3*q - 6. Let i be d(-2). Suppose 0 = 24*x - 1008 - 96. Suppose -p + x - 28 = i. Calculate the greatest common factor of p and 198.
18
Suppose 50*a = 2353 + 2847. Calculate the highest common factor of 12272 and a.
104
Let y(j) = 348*j + 3666. Let c be y(-5). What is the highest common factor of 90 and c?
18
Let w(q) = -q**2 - 65*q + 891. Let m be w(0). Calculate the greatest common factor of 121 and m.
11
Let s = 17482 + -16118. Calculate the greatest common factor of s and 248.
124
Suppose -15 = 3*p, -p - 2*p - 25 = -2*a. Suppose -482 - 453 = -a*c. Calculate the highest common divisor of c and 17.
17
Let n = 7461 - 7317. What is the greatest common divisor of n and 1920?
48
Let n(a) = -10*a + 98. Let h be n(10). Let i be (-7 - -6)/(h + 75/39). Calculate the highest common divisor of 39 and i.
13
Let a = 1 + 29. Suppose 344 + 584 = 8*j. Let w = j + -71. Calculate the highest common factor of a and w.
15
Let g be 30/20*(0 + -1 + 3). Suppose -8*z + 5*z - 5*l + 749 = 0, -2*z = g*l - 498. What is the greatest common factor of 27 and z?
27
Let d be 296912/126 - (240/(-54))/(-10). What is the highest common factor of d and 496?
124
Let f(x) = -9*x**3 + 12*x**2 + 5*x + 44. Let v be f(-6). What is the greatest common factor of 20 and v?
10
Let q be -1*4 - (-3 - 15). Suppose -q*r = -373 - 61. What is the greatest common factor of r and 1?
1
Let o = -13207 - -13336. Calculate the greatest common factor of o and 27.
3
Let n be -2 + (4 - 4) + 2. Suppose -42*k - 8*k + 1950 = n. Calculate the highest common factor of k and 416.
13
Let b be (1 - 1 - 0) + 49. Suppose -13 = 4*f - b. Suppose 0 = 124*u - 577*u - 2 + 5438. Calculate the highest common divisor of f and u.
3
Let b(w) = 2*w**3 - 10*w**2 - 44*w + 289. Let u be b(8). Calculate the greatest common divisor of 3317 and u.
107
Let i = -730 - -878. Calculate the greatest common factor of 2146 and i.
74
Let i(d) = -d**2 - 12 + 140*d - 8 - 141*d. Let c be i(-11). Let l be (-7)/(14/c) - 1. Calculate the highest common factor of 4 and l.
4
Let q(a) = -6*a**2 - 21*a + 101. Let v be q(8). Let w = v - -1315. What is the highest common divisor of 18 and w?
18
Let f(v) = -4*v + 79. Let r be f(0). Let o be r - 0/(2*(-1)/(-2)). What is the highest common factor of o and 553?
79
Suppose -19 = -5*v - 3*d, -2*v + 4*d = 3 + 5. Let z = 567 + -186. Suppose 25*w - z = 19. Calculate the greatest common divisor of v and w.
2
Suppose 0 = 2*x - 129 - 79. What is the highest common factor of x and 256?
8
Suppose -2*t = 93*n - 94*n - 64, n - 96 = -3*t. What is the highest common factor of 10320 and t?
16
Let x(w) = -w**3 + 19*w**2 - 33*w - 16. Let z be x(17). Let n(m) = 25*m - 3. Let h be n(z). Calculate the highest common divisor of h and 2.
2
Let k be (-11)/(275/(-60))*(-380)/6. Let w = k + 471. What is the greatest common divisor of 33 and w?
11
Let o(u) be the third derivative of u**6/120 - u**5/20 - u**4/24 + 2*u**3/3 - 83*u**2. Let p be o(3). What is the greatest common factor of p and 4?
1
Let k(j) = -j**2 - 85*j - 1639. Let p be k(-39). What is the greatest common divisor of 105 and p?
5
Let a = 720 - 368. Let j = -148622 + 148644. What is the highest common divisor of a and j?
22
Suppose -4*g + 30 = -7*g. Let n be g/(-15) + (-264)/(-9). Let b = 849 - 579. Calculate the greatest common factor of n and b.
30
Suppose -5*m + 24 = -i, -i = -0*i + 4. Suppose 5*z = -34*t + 33*t + 40, 2*t + m = 2*z. What is the greatest common factor of 28 and z?
7
Let p = 2865 - 2436. What is the highest common divisor of 561 and p?
33
Let q be -1*(1 - 0)*-3. Suppose -11 = -3*o - 4*h, -14 = -q*o + 4*h + 29. Let g = 10877 + -10706. Calculate the highest common factor of o and g.
9
Suppose 4*m - x + 1487 - 5972 = 0, -4*m = 3*x - 4497. What is the greatest common divisor of 646 and m?
34
Let z be 4*(2 + 1) + 2. Let b(y) = 16*y + 11 - 15 - 15*y**2 - y**3 + 2*y**3 - 12. Let i be b(z). Calculate the highest common divisor of 6 and i.
6
Let n(v) = 24 - 5 - v - 7 + 13. Let x be n(12). Calculate the greatest common factor of 208 and x.
13
Let r(u) = -u**2 - u + 24. Let i be r(5). Let b be -2 + ((-2)/i)/(2/372). Calculate the greatest common factor of b and 30.
30
Let k(j) = 47*j**3 - 8*j**2 + 8*j + 1. Let d be k(1). Calculate the greatest common divisor of 84 and d.
12
Suppose 4*b = 3*x + 395, -4*x - 521 = -5*b - 27. Let k(m) = m**2 - 2*m + 3. Let o be k(6). Let z = o + -13. What is the highest common divisor of b and z?
14
Let m be (-1 - 0 - 2)*(-2474)/(-3). Let j be (m/8 - -1) + (-7)/(-28). Let u be (-4)/(-4 - 1224/j). Calculate the greatest common factor of 22 and u.
22
Suppose 2*a = f - 28, -2*a = 3*f - 0*a - 44. Let p be 4/(-28) - 43/(-7). Let v be p/(1 + (2 - (-6)/(-4))). What is the highest common divisor of f and v?
2
Suppose -3*r - 470 + 518 = i, -r = -i + 80. Suppose -k = -4*f - 260, 0 = 3*k - 2*f + f - 758. What is the greatest common factor of i and k?
36
Suppose 6*s - 7*s = p + 5, 0 = -4*p + 4*s - 20. Let z(t) = 5*t**2 + 13*t + 6. Let q be z(p). Calculate the highest common factor of 22 and q.
22
Suppose -3*a + 6 = 3*d, 4*d + a - 24 = 5*a. What is the greatest common factor of 250 and d?
2
Suppose 2*d - 14 - 22 = 0. Suppose 4*s - 55 + 29 = -z, 0 = -4*z + 2*s + 140. Let f = z - d. What is the highest common divisor of 16 and f?
16
Suppose -67*v + 298 = -65*v. Let h be (-3)/(-2)*(v + 1). What is the greatest common divisor of 25 and h?
25
Let t be 48/10*((-110)/4)/(-11). Let x(g) = 5*g + 3. Let b be x(3). Calculate the greatest common factor of b and t.
6
Suppose 5*l = -4*h + 1652, h + 7*l - 404 = 8*l. What is the greatest common factor of 221 and h?
17
Let z = -5655 - -5668. Calculate the greatest common divisor of z and 13.
13
Let i(m) = 14*m - 98. Let v be (-4)/(0 - (2 + 12/(-8))). Let q be i(v). What is the highest common divisor of q and 203?
7
Suppose -14*l = -476 - 5572. Suppose 92*o - 100*o + l = 0. Suppose 5*y - 61 = 74. Calculate the highest common factor of o and y.
27
Let z = 43 - -35. Suppose 80*d = z*d + 110. What is the highest common divisor of d and 11?
11
Suppose -3799 = -14*p + 1619. What is the greatest common divisor of 1032 and p?
129
Let i(n) = n**3 + 62*n**2 - 133*n - 138. Let y be i(-64). Suppose b - 3*x = 4*b - 27, -5*b - 3*x + 55 = 0. Calculate the highest common divisor of b and y.
14
Let t be 1173117/4389 + (-4)/14. Calculate the highest common divisor of 33 and t.